, -66 = 5*n + c - 331. Is n prime?
True
Let z(d) = -5*d**2 - 2*d + 9. Let b(v) = 14*v**2 + 7*v - 27. Let u(a) = -4*b(a) - 11*z(a). Let k be u(-7). Suppose -j + 0*j = -k. Is j a composite number?
False
Let k = 4 - -1. Suppose 4*m + 4*p - 112 = 0, 3*p - k = 1. Is m a prime number?
False
Suppose -309 - 319 = -4*b. Is b a prime number?
True
Suppose 0*u - 2*u = 3*i - 119, 0 = -4*i + u + 144. Let z = -23 + i. Is z prime?
False
Suppose 5*j - 23 = t, -8 = -2*j + 2*t - 2. Suppose -j*c + i = -277, 2*i = -i - 6. Is c prime?
False
Is 10/(-15)*11670/(-4) composite?
True
Is 988/(1 - -1) + 3 a prime number?
False
Suppose -5*p + 634 = -h, 3*p - 467 = -4*h - 82. Suppose -2*j + j + p = 0. Is j a composite number?
False
Suppose 4605 = 5*i - w, -2*i = -5*w - 1913 + 94. Is i composite?
True
Suppose 7*i - 10*i + 9681 = 0. Is i composite?
True
Is 2 + 8 - (3 + 0) composite?
False
Let f = -1460 - -2209. Is f a prime number?
False
Suppose -3*l - u - 1 = -0*u, -u = 5*l + 3. Is (l + 3 - 1) + 158 prime?
False
Suppose -2*o + 0 = -4*t + 2, 0 = 4*t - 12. Suppose 285 = o*l - 625. Let f = -93 + l. Is f a composite number?
False
Suppose -2*o = o - 117. Let h = o - 28. Is h composite?
False
Is 76 - (-7)/(7/(-2)) a prime number?
False
Let f be -43*(0 - 2/2). Suppose 0*p = -2*j - p + 13, f = 2*j - 5*p. Let w = -2 + j. Is w prime?
True
Suppose 2*z - 4 = 4*y - 28, -3*y = -5*z - 25. Suppose -4*f = k - 81, 3*f - y*k = -f + 51. Is f a composite number?
False
Let k(g) = -2 - 4 - g + 5 + 9*g**2. Is k(2) a composite number?
True
Let o(t) = 7*t + 3. Let m be 99/12 + 1/(-4). Is o(m) a composite number?
False
Let y(j) = 2*j**3 - 4*j**2 + 2*j + 1. Let q be y(2). Suppose 0 = q*t - 51 - 24. Is t composite?
True
Let j be (-2 + 2)/(8 + -9). Suppose -2*c + 10 + 0 = j, -5*z - c = -120. Is z prime?
True
Let v be -8 + 1 - (0 - 1). Let a be (-4)/v*3/(-1). Is ((-8)/a)/(2/5) a prime number?
False
Suppose -1 - 3 = -j. Is -10*-118*1/j composite?
True
Let f be ((-8)/(-16))/(1/28). Suppose -4*j + f = 4*a - 3*j, -4*a + 20 = 4*j. Is 1/a - (-65)/3 a prime number?
False
Suppose -4*j + 4*t = -19072, 3*t - 2*t - 9539 = -2*j. Is j a composite number?
True
Let l(p) = p**3 + 12*p**2 + 3*p - 11. Suppose -2*u + 3*a = 6*a + 7, -28 = 3*u + a. Is l(u) composite?
True
Suppose 3*n - o - 32 - 171 = 0, -5*n - 2*o + 342 = 0. Let h = n + -29. Let j = h - 17. Is j a prime number?
False
Let u = 0 - -2. Is u/(-7) + 46/14 composite?
False
Let s(a) = 39*a**2 + 19*a - 4. Let v(x) = -19*x**2 - 10*x + 2. Let l(n) = 6*s(n) + 11*v(n). Suppose 0 = -5*w + 17 - 2. Is l(w) a prime number?
False
Suppose 0 = o - 660 - 299. Is o a prime number?
False
Let l = -1 - 0. Is (265/10)/(l/(-2)) composite?
False
Suppose -7*w + 21 = -4*w. Let a(v) = 15*v + 10. Is a(w) composite?
True
Let z(w) = 10*w**2 - 7*w + 4. Let m be z(4). Suppose 360 + m = 4*l. Is (l/(-6))/((-6)/9) prime?
True
Let h(g) = -g**2 - g. Let j be h(1). Is j/4*(-28)/1 a composite number?
True
Suppose 5*t - 746 = 3*t. Is t a composite number?
False
Let w = -14 + 10. Let t = w + 78. Is t composite?
True
Suppose 1185 - 13538 = -11*m. Is m a composite number?
False
Let t(a) = 117*a + 2. Is t(5) composite?
False
Let w(a) = -a**3 - 2*a**2 - 4*a - 3. Let v be w(-2). Suppose -60 = -v*b + b. Is b a composite number?
True
Suppose 5*u + 54 = -c + 301, 4*c - 3*u - 988 = 0. Is c prime?
False
Let a be 6/(-27) + (-140)/18. Is (188/a)/((-2)/4) prime?
True
Suppose -5*b + 682 = -643. Suppose 4*j = 5*v + 212, 4*j + 2*v - b = -j. Is j a composite number?
False
Is 987/12 - 6/(-8) a prime number?
True
Let d be 235 + 4 + (1 - 3). Let v(b) = b + 4. Let z be v(5). Is d/27 - (-2)/z prime?
False
Suppose 4*i + 349 = 61. Let u = 151 + i. Is u composite?
False
Suppose -8*r = -5*s - 6*r + 3785, r + 1515 = 2*s. Is s a prime number?
False
Let i(v) = -9*v**3 - v**2 + 2*v + 7. Is i(-5) a prime number?
True
Let z(s) = s**2 - 5*s. Let m be z(4). Let f = 3 - m. Is f a prime number?
True
Let y = 1 + -23. Let v be 6912/y + (-6)/(-33). Is (-2)/(-4) + v/(-4) a composite number?
False
Let w = 2308 + -1253. Is w prime?
False
Let g = -1715 + 2512. Is g composite?
False
Let p = 365 + -76. Is p composite?
True
Let a = -171 + 518. Suppose 4*f - 3*t - 440 = 0, 3*f + 4*t - a = 2*t. Is f composite?
False
Let v(t) = -t**3 + 6*t**2 - t + 8. Let b be v(6). Is 72/b + (-5)/5 prime?
False
Let y be (79 - 1)/(2/3). Let m = -83 + y. Suppose -5*x = -c + 38, 2*c - 4*x + m = 4*c. Is c composite?
False
Suppose 7*g = 3*g + 12. Suppose g*s + 0*f - 55 = f, f = 2*s - 38. Suppose 14 = u - s. Is u a composite number?
False
Let i(n) = n - 7. Let z be i(9). Let l(d) = 2*d**2 + 4*d + 2. Let x be l(-2). Suppose 0 = x*w + z*w - 388. Is w prime?
True
Let x(m) = m**2 + 4*m + 6. Let b be x(-4). Let y be (4/b)/(4/12). Suppose y*j - 27 + 1 = 0. Is j composite?
False
Is ((-8)/(-16))/((-2)/(-2788)) a composite number?
True
Let o(k) = -94*k - 5. Is o(-4) a composite number?
True
Let a(z) = -z**2 + 12*z + 6. Let f be a(8). Suppose b - 3*i = f, -b = -0*i + i - 58. Is b composite?
False
Suppose 2*t + 1693 = 4*t - 5*u, -4*t = 2*u - 3350. Is t prime?
True
Let v be ((-16)/(-20))/(4/10). Suppose -5*t + 105 = -v*g, -t + 2*g = 2*t - 67. Is t prime?
True
Let n(u) be the second derivative of 8*u**3/3 + u**2/2 + u. Let v be n(-1). Is ((-24)/9 - -1)*v a composite number?
True
Suppose -3*g + 2244 = -3*x, 3*g + 5*x - 2204 = -0*g. Is g composite?
False
Let x(o) = o**3 - 5*o**2 - 3*o - 8. Suppose -3*n = -4 - 11, -25 = 3*f + n. Let t(s) = -s - 4. Let w be t(f). Is x(w) a composite number?
True
Let y be 0 + -24 - -2 - 2. Let q = 43 + y. Suppose -3*s + q = -20. Is s prime?
True
Suppose -5*g = -1114 - 3621. Let z = -608 + g. Suppose f + z = 5*l - f, 3*f = 5*l - 341. Is l prime?
True
Suppose 3*z - 3 = 0, -1533 = -5*d + 2*z + 5190. Is d composite?
True
Let u(z) = 3*z**2 + 2*z + 1. Let y be u(-1). Suppose 2 = h - 3. Suppose h*j - 53 = -v, v + y*j = -4*v + 288. Is v prime?
False
Suppose 4*i - 23 = -3*z - 0*z, -2*i + 5*z - 21 = 0. Suppose -i*p = 2*v - 2496, v + 1665 = 2*p - 846. Is p a composite number?
True
Let x(v) = 1. Let s(a) be the first derivative of 111*a**2 - 4*a - 1. Let q(b) = s(b) + 5*x(b). Is q(1) prime?
True
Let k be -5 - (3*2)/3. Let i(g) = -g**3 - 4*g**2 + 4*g + 6. Let b be i(k). Suppose -4*d + 103 + b = 0. Is d composite?
True
Let k(p) = -p**3 + 5*p**2 - p. Let n be k(5). Is (n + 3)/(4/(-170)) a prime number?
False
Let i(j) = j**3 - 6*j**2 - 3*j + 7. Let f be i(6). Let s = -5 - f. Is (28/s)/(4/6) a prime number?
True
Suppose -3*r + 24 = -4*v, 15 = 4*r - 2*v - 7. Suppose -2*l - 8 = r*n + n, 16 = -4*n. Suppose -3*o = 3*w - 1248, -l*o + 1637 = -2*o - 5*w. Is o prime?
False
Suppose 16 - 324 = -4*z. Is z a composite number?
True
Suppose 0*t = 2*t - 3*s - 275, -2*t + 4*s = -274. Is t a composite number?
False
Let t be 9/15 - (-4)/10. Suppose 0 = d + d - 76. Suppose -t - d = -3*x. Is x a composite number?
False
Is -1*-1*(56 - 1) composite?
True
Let h(n) = -2*n**3 + n + 2*n**3 - 7*n**2 + 6 - 10*n - n**3. Is h(-7) prime?
False
Suppose w + 3*i = 35, 5*i = 2*w - 12 - 14. Is w composite?
False
Let f be -5 - (-2 + (1 - 1)). Is 6/f - -333 - 2 a composite number?
True
Let x be ((-16)/(-12))/((-4)/(-6)). Let k(m) = -5*m**3 + 1 - 7*m**2 + x*m**2 + 2*m**3 + 7*m + m**3. Is k(-5) a prime number?
False
Suppose 0*a - 5*a - 1420 = 0. Let w = a - -493. Is w a prime number?
False
Suppose 0 = f - 210 + 67. Is f composite?
True
Let k be -3 + (-626)/(-2) + -2. Let l = k + -85. Is l a prime number?
True
Let f = -2513 + 3540. Is f composite?
True
Suppose s - 4 = -0*s. Suppose -4*v = s*k - 24, -5*v - 3 = -5*k - 73. Suppose 5*d - 2*g = 92 - 7, -2*g - v = 0. Is d composite?
True
Let x(r) be the second derivative of r**5/12 - r**3/6 + r**2 + r. Let a(u) be the first derivative of x(u). Is a(2) prime?
True
Let p(m) = 3*m + 2. Let a be p(3). Let j = 46 - a. Is j a composite number?
True
Let i(w) = 2*w + 2. Let v = 51 - 30. Let n = v - 15. Is i(n) a prime number?
False
Let v(b) = -156*b**3 + b**2. Is v(-1) composite?
False
Let i = 1 + 11. Is 226/i - (-6)/36 composite?
False
Let h = 133 + -42. Is h prime?
False
Suppose 3*o - 3*x - 2*x = 14, 30 = 3*o + 3*x. Suppose 0 = -2*m + 4*m - o. Suppose 0*r - 5*j - 65 = -r, m*j = -4*r + 356. Is r prime?
False
Suppose 3*y - 160 = 2*j - 2*y, -4*y = 16. Is (-2)/8 - j/8 a pri